{"id":111,"date":"2017-03-07T15:15:14","date_gmt":"2017-03-07T13:15:14","guid":{"rendered":"http:\/\/www.ematic.at\/?page_id=111"},"modified":"2021-02-04T08:59:14","modified_gmt":"2021-02-04T06:59:14","slug":"mitarbeiter","status":"publish","type":"page","link":"https:\/\/www.ematic.at\/?page_id=111","title":{"rendered":"\u00dcBER UNS"},"content":{"rendered":"<p><strong>Grader Daniel<br \/>\n<\/strong>Gesch\u00e4ftsf\u00fchrer<br \/>\nElektroplanung<br \/>\nSPS-Programmierung<br \/>\n<a href=\"daniel.grader@ematic.at\">daniel.grader@ematic.at<br \/>\n<\/a>Tel: +43 (0)664 41 38 199<\/p>\n<p><strong>Ing. Egger Werner<br \/>\n<\/strong>Gesch\u00e4ftsf\u00fchrer<br \/>\nSPS-Programmierung<br \/>\n<a href=\"werner.egger@ematic.at\">werner.egger@ematic.at<br \/>\n<\/a>Tel: +43 (0)664 38 54 654<\/p>\n<p><strong>Fortschegger Michael<\/strong><br \/>\nWerkstattleiter<br \/>\nVerteilerbau<br \/>\n<a href=\"fortschegger.michael@ematic.at\">fortschegger.michael@ematic.at<br \/>\n<\/a>Tel: +43 (0)664 88 19 72 97<\/p>\n","protected":false},"excerpt":{"rendered":"<p>Grader Daniel Gesch\u00e4ftsf\u00fchrer Elektroplanung SPS-Programmierung daniel.grader@ematic.at Tel: +43 (0)664 41 38 199 Ing. Egger Werner Gesch\u00e4ftsf\u00fchrer SPS-Programmierung werner.egger@ematic.at Tel: +43 (0)664 38 54 654 Fortschegger Michael Werkstattleiter Verteilerbau fortschegger.michael@ematic.at Tel: +43 (0)664 88 19 72 97<\/p>\n","protected":false},"author":1,"featured_media":0,"parent":0,"menu_order":0,"comment_status":"closed","ping_status":"closed","template":"","meta":{"footnotes":""},"class_list":["post-111","page","type-page","status-publish","hentry","nodate","item-wrap"],"_links":{"self":[{"href":"https:\/\/www.ematic.at\/index.php?rest_route=\/wp\/v2\/pages\/111","targetHints":{"allow":["GET"]}}],"collection":[{"href":"https:\/\/www.ematic.at\/index.php?rest_route=\/wp\/v2\/pages"}],"about":[{"href":"https:\/\/www.ematic.at\/index.php?rest_route=\/wp\/v2\/types\/page"}],"author":[{"embeddable":true,"href":"https:\/\/www.ematic.at\/index.php?rest_route=\/wp\/v2\/users\/1"}],"replies":[{"embeddable":true,"href":"https:\/\/www.ematic.at\/index.php?rest_route=%2Fwp%2Fv2%2Fcomments&post=111"}],"version-history":[{"count":2,"href":"https:\/\/www.ematic.at\/index.php?rest_route=\/wp\/v2\/pages\/111\/revisions"}],"predecessor-version":[{"id":143,"href":"https:\/\/www.ematic.at\/index.php?rest_route=\/wp\/v2\/pages\/111\/revisions\/143"}],"wp:attachment":[{"href":"https:\/\/www.ematic.at\/index.php?rest_route=%2Fwp%2Fv2%2Fmedia&parent=111"}],"curies":[{"name":"wp","href":"https:\/\/api.w.org\/{rel}","templated":true}]}}